ppose -5*n = 3*b, -n - 13 = -0*n - 2*b. Let r be n*2/2 + 12. Suppose -f - 6 + r = 0. Calculate the remainder when f is divided by 1.
0
Let r(u) = -u**3 - 5*u**2 - u + 2. Suppose 4*w = -5*l + 1, -2*l + 3*l + w = 0. Let i = 6 - l. What is the remainder when r(-5) is divided by i?
2
Let k(z) = 20*z**2 + 3. Let n be k(-1). Suppose 22*s - n*s = -8. What is the remainder when 24 is divided by s?
0
Suppose 2*m = 8*m - 6. Calculate the remainder when 24 is divided by (-10)/m*(-48)/32.
9
Let w(g) = g**3 + 10*g**2 + 3*g - 33. What is the remainder when w(-9) is divided by 8?
5
Let z(a) = 2*a**2 - 2*a + 4. Let k be z(0). Suppose -2*n = -172 + k. What is the remainder when n is divided by 29?
26
Suppose 0 = 3*q + 5*v - 16, 15*v + 16 = 2*q + 17*v. Calculate the remainder when 129 is divided by q.
9
Let r(f) = 42*f - 12. Let o = -26 - -30. What is the remainder when r(o) is divided by 40?
36
Let h = 36 - -163. What is the remainder when h is divided by 5?
4
Let h be 3 - (1 - (-8 - -2)). Let f be ((-72)/(-6))/((-6)/h). Suppose -3*b - 2*q + f = 0, -q + 15 = -4*q. What is the remainder when 15 is divided by b?
3
Let q = -1308 + 1343. Suppose -3*j + f + 0*f + 32 = 0, -f = 4*j - 52. Suppose 4*t = k + 39, 0*t - 2*t = 2*k - j. Calculate the remainder when q is divided by t.
8
Suppose -o = -5*o + 264. What is the remainder when 460 is divided by o?
64
Suppose 12 = 3*o + 3. Let q be ((-18)/(-2))/3*4. Let u = q - 9. Calculate the remainder when u is divided by o.
0
Let x = -38 + 64. Suppose x = -4*v + 2. Let t = v - -23. What is the remainder when t is divided by 7?
3
Let r = 670 - 662. Suppose o + 4*k = 3*k + 13, 0 = -5*k - 10. What is the remainder when o is divided by r?
7
Let c(q) be the first derivative of q**3/3 + 2*q + 1. Let k = 35 + -34. Calculate the remainder when c(0) is divided by k.
0
Let h be (-5)/(-1 + 1 - 1). Let p(o) = 2*o**2 - 9*o + 5. Let s(t) = t - 1. Let i(f) = p(f) + 3*s(f). What is the remainder when 42 is divided by i(h)?
20
Let q(k) = 6*k**2 + k. Suppose -6*p + 3*p - 114 = 0. What is the remainder when 5/15 - p/3 is divided by q(-1)?
3
Let m = -102 - -212. What is the remainder when m is divided by 24?
14
What is the remainder when 140 is divided by (1365/(-14))/(-15)*6?
23
Suppose -3630 = -20*l - 13*l. What is the remainder when l is divided by 28?
26
Let z(h) = h**3 - 17*h**2 + 31*h - 11. Suppose -16 - 22 = -2*n. What is the remainder when n is divided by z(15)?
3
Suppose h = 4*h - 12, 3*l + 4*h = 25. Suppose 0*p = 4*p - 20, 3*v = -l*p + 96. What is the remainder when 105 is divided by v?
24
Suppose -3*m + 0 - 39 = 0. Let y(u) be the third derivative of u**5/60 + u**4/3 - 5*u**3/6 + 356*u**2. What is the remainder when y(m) is divided by 21?
18
Suppose 2*f - a - 44 = 0, -f + 3*a = -4*f + 57. Let o = -269 - -277. Calculate the remainder when f is divided by o.
5
Let b(j) = j**2 - 6*j + 6. Let n = 55 + -35. Calculate the remainder when b(6) is divided by n/25*10/4.
0
Suppose 25*x - 782 - 118 = 0. Suppose -2*g - 2*g + 32 = 0. Calculate the remainder when x is divided by g.
4
What is the remainder when 36 is divided by (26/4)/(-9 + 296/32)?
10
Suppose -2*b - 2*b = 5*i - 31, 3*b = -3*i + 27. Calculate the remainder when 14 is divided by 30/9*21/b.
4
Let z = -122 - -126. Calculate the remainder when 26 is divided by z.
2
Let d(k) = -k - 3. Let w be d(-8). Suppose 4*l - 4*y = 24, 5*l + 2*y = w*y + 30. What is the remainder when 16 is divided by l?
4
Suppose 0 = 2*m + 3*u - 60, 10*u - 14*u = 4*m - 120. What is the remainder when 84 is divided by m?
24
Let u(i) be the first derivative of 7*i**2 - 3*i - 5. Let k be u(3). Calculate the remainder when 51 is divided by 1/(120/k + -3).
12
Suppose 0 = -2*h + 5 - 3. Suppose 4*v = 3*b - 23, v - b + h = -5. What is the remainder when 39 is divided by (-1)/((20/56)/v)?
11
Let x(i) = 102*i**2 + 2*i + 3. Let v be x(-1). Let z = v + -76. Calculate the remainder when 76 is divided by z.
22
What is the remainder when 78 is divided by (-7 + 1)/(6/(-28))?
22
Suppose -232 = -2*q + 2*b, 0*q + 4*q + b - 469 = 0. Calculate the remainder when q is divided by (40 - (28 - 13)) + -6 + 1.
17
Suppose -r - 3*q + 4 = -5*q, 5*q + 1 = r. Let k = -1 + 1. Let a = r - k. What is the remainder when 21 is divided by a?
3
Let s(u) = -4*u**2 + 2. Let v be s(5). Calculate the remainder when 190 is divided by (5 - 105/20) + v/(-8).
10
Let q = -425 + 434. What is the remainder when 14 is divided by q?
5
Let c = 1593 + -1505. Calculate the remainder when c is divided by 78.
10
Let m = -241 - -300. Calculate the remainder when m is divided by 6.
5
Suppose -3*f + j - 5 = 0, 3*j = 5 + 1. Let s(o) = -1 + 3*o - 10*o + 0. Calculate the remainder when s(f) is divided by 4.
2
Let k = 13 - 23. Let n be (5*5/(-3))/(10/(-30)). Let y = k + n. Calculate the remainder when 58 is divided by y.
13
Suppose 4*w = -12 - 8, -4*w - 32 = -3*b. Let n = -219 + 233. Calculate the remainder when n is divided by b.
2
Let b = -205 - -309. Calculate the remainder when b is divided by (-4396)/(-126) + (-1)/(-9).
34
Suppose -12*p = -4*p - 1712. Calculate the remainder when p is divided by 55.
49
Calculate the remainder when 29/232 + 2062/16 is divided by 45.
39
What is the remainder when 453 is divided by -1*(1 + -6 - 53) + 7?
63
What is the remainder when (-9 - -7 - -34) + -2 is divided by 28?
2
Let v(l) = l - 18. Let o be v(21). Suppose o*w - 5 = -2. Calculate the remainder when w is divided by 1.
0
Let j be -5*(-3 + 1 - 45). Suppose 5*w - j = -60. Suppose -2*x + 6*x - 48 = 0. Calculate the remainder when w is divided by x.
11
Suppose 3*x - 533 - 211 = 0. Suppose 5*w = 9*w - x. Suppose 5*q + 17 - w = 0. What is the remainder when 17 is divided by q?
8
Let k(w) = w**2 + 3*w - 1. Calculate the remainder when 114 is divided by k(2).
6
Let c = -347 - -447. Calculate the remainder when c is divided by 21.
16
Let k(q) = -45*q - 658. Calculate the remainder when k(-17) is divided by 14.
9
Let d = 45 - 42. Let g(f) = -f + 2. Let a be g(0). Suppose -d*v - 109 = -a*x, 0 = -4*x + 2*v + 3*v + 215. Calculate the remainder when x is divided by 17.
16
Let y(a) = a**3 - 9*a**2 - 21*a + 2. Let t(o) = 7*o**2 - 1. Let h be t(1). Suppose -h*v + 23 = -5*v. What is the remainder when v is divided by y(11)?
10
Let g = -2095 + 3318. What is the remainder when g is divided by 25?
23
Suppose 8*n - 10*n = 300. Let w = n - -166. Calculate the remainder when 104 is divided by w.
8
Suppose 3*w + 17 = 71. Suppose 10 = -5*q, -3*q + w + 10 = l. What is the remainder when l is divided by 7?
6
Let x be (-6)/(-10) + 5968/20. Suppose 10*t - x = -3*t. Calculate the remainder when t is divided by (5 + -1)/((-2)/(-6)).
11
Let y = 10 - 7. Let c = 133 + -127. Suppose 4*w = 6*w - c. Calculate the remainder when y is divided by w.
0
Let m = 13 + -8. Let l(z) = -z**2 + 28*z + 45. Calculate the remainder when l(29) is divided by m.
1
Suppose 0 = -f - 8 + 6. Let q be 1/f + (-815)/(-10). Suppose 3*l - 3*z - 39 - 18 = 0, 4*l = 5*z + q. Calculate the remainder when l is divided by 5.
4
Let k = -13 - -35. Let l = k - 25. What is the remainder when (-5 + 2)/(l/11) is divided by 4?
3
Let o(x) = x**2 + 26*x + 348. Calculate the remainder when o(-18) is divided by 97.
10
Suppose -6*c + 126 = -396. Suppose 2*d + 43 = c. Calculate the remainder when 64 is divided by d.
20
Suppose 4*z - 376 = -l, 0 = 2*z - 3*l - 138 - 64. What is the remainder when z is divided by 11?
7
Let q = 1727 + -1641. Calculate the remainder when q is divided by 44.
42
Let c = 151 - 141. What is the remainder when 98 is divided by c?
8
Let m(g) = -15*g + 1. Let d = 20 + -20. Calculate the remainder when m(-3) is divided by 34/2 - d/7.
12
Suppose 2*l + 2*l - 252 = 0. Suppose 690 = 25*r - 135. What is the remainder when l is divided by r?
30
Let t(s) = -s**3 - 14*s**2 - 3*s - 44. What is the remainder when t(-15) is divided by 62?
40
Let u = 332 + -307. Calculate the remainder when u is divided by 8.
1
Let k = 123 + -83. Let b(a) = -23*a - 4. Let q be b(10). What is the remainder when k is divided by (-2 - -1) + -2 + q/(-26)?
4
Let v(a) = 21*a**2 + 9*a - 1. Let k(c) = 10*c**2 + 5*c. Let r(l) = -5*k(l) + 3*v(l). Calculate the remainder when r(1) is divided by 7.
5
Let u = -5 + 31. Suppose 0 = -4*i - 2*d + 314, 4*i + 3*d = -0*d + 317. Calculate the r